{"id":157,"date":"2018-10-16T21:53:31","date_gmt":"2018-10-16T21:53:31","guid":{"rendered":"http:\/\/www.niffeler.ch\/innendekorationen\/?page_id=157"},"modified":"2026-02-02T07:39:53","modified_gmt":"2026-02-02T07:39:53","slug":"homepage","status":"publish","type":"page","link":"https:\/\/www.niffeler.ch\/innendekorationen\/","title":{"rendered":"Niffeler Wohn(t)r\u00e4ume"},"content":{"rendered":"\n<h2 class=\"wp-block-heading\">Wir gestalten Lebensr\u00e4ume nach Ihren W\u00fcnschen!<\/h2>\n\n\n\n<div class=\"wp-block-media-text is-stacked-on-mobile\"><figure class=\"wp-block-media-text__media\"><img decoding=\"async\" loading=\"lazy\" width=\"800\" height=\"533\" src=\"http:\/\/www.niffeler.ch\/innendekorationen\/wp-content\/uploads\/2021\/12\/Festagsbild-2016.jpg\" alt=\"\" class=\"wp-image-871 size-full\" srcset=\"https:\/\/www.niffeler.ch\/innendekorationen\/wp-content\/uploads\/2021\/12\/Festagsbild-2016.jpg 800w, https:\/\/www.niffeler.ch\/innendekorationen\/wp-content\/uploads\/2021\/12\/Festagsbild-2016-768x512.jpg 768w\" sizes=\"(max-width: 800px) 100vw, 800px\" \/><\/figure><div class=\"wp-block-media-text__content\">\n<div class=\"wp-block-columns is-layout-flex wp-container-2 wp-block-columns-is-layout-flex\">\n<div class=\"wp-block-column is-layout-flow wp-block-column-is-layout-flow\" style=\"flex-basis:100%\">\n<p><strong>Herzlichen Dank liebe Kunden f\u00fcr die jahrelange Treue<\/strong>.<\/p>\n\n\n\n<p><strong>Ich<\/strong> <strong>Geniesse ab Februar 2026 meine Pension.<\/strong><\/p>\n\n\n\n<p><strong>Ich sage Tsch\u00fcss und w\u00fcnsche allen alles Gute f\u00fcr das Jahr 2026<\/strong>.<\/p>\n\n\n\n<p>Josef Stadelmann<\/p>\n\n\n\n<p><strong>Haben Sie noch ein Anliegen oder Fragen, so d\u00fcrfen Sie mich kontaktieren auf <\/strong>                                    <strong>079 641 39 20<\/strong><\/p>\n<\/div>\n<\/div>\n<\/div><\/div>\n\n\n\n<p><\/p>\n\n\n\n<p>Sich neu einzurichten ist eine sch\u00f6ne Herausforderung \u2013 wer nimmt sie nicht gerne in Angriff: Seine vier W\u00e4nde nach eigenen Vorstellungen zu gestalten, sich mit den verschiedensten Materialien auseinanderzusetzen, sch\u00f6ne B\u00f6den, Vorh\u00e4nge, M\u00f6bel und Gegenst\u00e4nde auszusuchen.<\/p>\n\n\n\n<p>Im Gestaltungsprozess begegnen wir jedoch den unterschiedlichsten Anforderungen an Material und Funktion. Es z\u00e4hlt nicht nur, was gef\u00e4llt, sondern auch was sinnvoll ist, was seinen Zweck erf\u00fcllt, was im Budget liegt. Die Vielfalt der Materialien ist heute derart gross, dass der \u00dcberblick schnell verloren geht und pl\u00f6tzlich wird aus der Herausforderung eine \u00dcberforderung.<\/p>\n\n\n\n<p>Hier ist der Innendekorateur Ihre Ansprechsperson und Ihr Partner. Wir stellen Ihnen unsere grosse Erfahrung zur Verf\u00fcgung und stehen Ihnen bei kleinen und grossen Projekten zur Seite.&nbsp;Eine Fachperson f\u00fcrs Wohnen kann Ihnen in vielf\u00e4ltiger Weise behilflich sein, Ihre Umgebung so zu gestalten, dass sie Ihrer Pers\u00f6nlichkeit entspricht. Es macht uns Freude, f\u00fcr Sie die beste L\u00f6sung f\u00fcr Ihre Wohn-Oase zu finden.<\/p>\n\n\n\n<p>Gutes traditionelles Handwerk, verbunden mit Trends, Design und kreativen Ideen f\u00fcr Ihre Wohn(t)r\u00e4ume \u2026<\/p>\n\n\n\n<p><\/p>\n\n\n\n<h3 class=\"wp-block-heading\">Liege- un<a rel=\"noopener noreferrer\" href=\"http:\/\/www.schlaferholt.ch\" target=\"_blank\"><img decoding=\"async\" loading=\"lazy\" width=\"343\" height=\"170\" border=\"0\" class=\"alignright\" src=\"http:\/\/www.niffeler.ch\/home\/images\/csm_ecco2_system_588x291_2015_1_32b100ba14_160.gif\" alt=\"\"><\/a>d Schlafberatung. Wir betten Sie so, das Sie richtig Liegen, schmerzfrei Schlafen, ohne Verspannungen Aufstehen.<\/h3>\n\n\n\n<figure class=\"wp-block-image is-resized\"><img decoding=\"async\" loading=\"lazy\" width=\"4031\" height=\"2540\" src=\"http:\/\/www.niffeler.ch\/innendekorationen\/wp-content\/uploads\/2023\/04\/IMG_3596-2.jpg\" alt=\"\" class=\"wp-image-1026\" srcset=\"https:\/\/www.niffeler.ch\/innendekorationen\/wp-content\/uploads\/2023\/04\/IMG_3596-2.jpg 4031w, https:\/\/www.niffeler.ch\/innendekorationen\/wp-content\/uploads\/2023\/04\/IMG_3596-2-768x484.jpg 768w\" sizes=\"(max-width: 4031px) 100vw, 4031px\" \/><figcaption class=\"wp-element-caption\"><strong>Unser Messestand an der HiGA 2023.  Sch\u00f6n war der Kontakt mit Ihnen liebe Kunden.<\/strong><\/figcaption><\/figure>\n\n\n\n<figure class=\"wp-block-image\"><img decoding=\"async\" loading=\"lazy\" width=\"879\" height=\"477\" src=\"http:\/\/www.niffeler.ch\/innendekorationen\/wp-content\/uploads\/2019\/10\/logo_IG-RLS-1-1.jpg\" alt=\"\" class=\"wp-image-616\" srcset=\"https:\/\/www.niffeler.ch\/innendekorationen\/wp-content\/uploads\/2019\/10\/logo_IG-RLS-1-1.jpg 879w, https:\/\/www.niffeler.ch\/innendekorationen\/wp-content\/uploads\/2019\/10\/logo_IG-RLS-1-1-768x417.jpg 768w\" sizes=\"(max-width: 879px) 100vw, 879px\" \/><figcaption class=\"wp-element-caption\"><a href=\"http:\/\/www.ig-rls.ch\/\">http:\/\/www.ig-rls.ch\/<\/a><\/figcaption><\/figure>\n\n\n\n<figure class=\"wp-block-image\"><img decoding=\"async\" loading=\"lazy\" width=\"2048\" height=\"2048\" src=\"http:\/\/www.niffeler.ch\/innendekorationen\/wp-content\/uploads\/2021\/01\/IG-RLS-Kompetenzzentrum-Schmerzfrei-schlafen.-2020-1.jpg\" alt=\"\" class=\"wp-image-733\" srcset=\"https:\/\/www.niffeler.ch\/innendekorationen\/wp-content\/uploads\/2021\/01\/IG-RLS-Kompetenzzentrum-Schmerzfrei-schlafen.-2020-1.jpg 2048w, https:\/\/www.niffeler.ch\/innendekorationen\/wp-content\/uploads\/2021\/01\/IG-RLS-Kompetenzzentrum-Schmerzfrei-schlafen.-2020-1-768x768.jpg 768w\" sizes=\"(max-width: 2048px) 100vw, 2048px\" \/><\/figure>\n","protected":false},"excerpt":{"rendered":"<p>Wir gestalten Lebensr\u00e4ume nach Ihren W\u00fcnschen! Sich neu einzurichten ist eine sch\u00f6ne Herausforderung \u2013 wer nimmt sie nicht gerne in Angriff: Seine vier W\u00e4nde nach eigenen Vorstellungen zu gestalten, sich mit den verschiedensten Materialien auseinanderzusetzen, sch\u00f6ne B\u00f6den, Vorh\u00e4nge, M\u00f6bel und Gegenst\u00e4nde auszusuchen. Im Gestaltungsprozess begegnen wir jedoch den unterschiedlichsten Anforderungen an Material und Funktion. Es &#8230; <a title=\"Niffeler Wohn(t)r\u00e4ume\" class=\"read-more\" href=\"https:\/\/www.niffeler.ch\/innendekorationen\/\" aria-label=\"More on Niffeler Wohn(t)r\u00e4ume\">mehr lesen<\/a><\/p>\n","protected":false},"author":1,"featured_media":41,"parent":0,"menu_order":1,"comment_status":"closed","ping_status":"closed","template":"","meta":{"footnotes":""},"_links":{"self":[{"href":"https:\/\/www.niffeler.ch\/innendekorationen\/wp-json\/wp\/v2\/pages\/157"}],"collection":[{"href":"https:\/\/www.niffeler.ch\/innendekorationen\/wp-json\/wp\/v2\/pages"}],"about":[{"href":"https:\/\/www.niffeler.ch\/innendekorationen\/wp-json\/wp\/v2\/types\/page"}],"author":[{"embeddable":true,"href":"https:\/\/www.niffeler.ch\/innendekorationen\/wp-json\/wp\/v2\/users\/1"}],"replies":[{"embeddable":true,"href":"https:\/\/www.niffeler.ch\/innendekorationen\/wp-json\/wp\/v2\/comments?post=157"}],"version-history":[{"count":46,"href":"https:\/\/www.niffeler.ch\/innendekorationen\/wp-json\/wp\/v2\/pages\/157\/revisions"}],"predecessor-version":[{"id":1322,"href":"https:\/\/www.niffeler.ch\/innendekorationen\/wp-json\/wp\/v2\/pages\/157\/revisions\/1322"}],"wp:featuredmedia":[{"embeddable":true,"href":"https:\/\/www.niffeler.ch\/innendekorationen\/wp-json\/wp\/v2\/media\/41"}],"wp:attachment":[{"href":"https:\/\/www.niffeler.ch\/innendekorationen\/wp-json\/wp\/v2\/media?parent=157"}],"curies":[{"name":"wp","href":"https:\/\/api.w.org\/{rel}","templated":true}]}}