{"id":190,"date":"2018-10-17T06:24:03","date_gmt":"2018-10-17T06:24:03","guid":{"rendered":"http:\/\/www.niffeler.ch\/innendekorationen\/?page_id=190"},"modified":"2026-02-02T07:51:43","modified_gmt":"2026-02-02T07:51:43","slug":"insektenschutz","status":"publish","type":"page","link":"https:\/\/www.niffeler.ch\/innendekorationen\/produkte\/insektenschutz\/","title":{"rendered":"Insektenschutz"},"content":{"rendered":"<p><strong>Insektenschutzanlagen verarbeiten wir ab 2026 nicht mehr.<\/strong><\/p>\n<p><b>Insektenschutz vom Feinsten, vom Fachmann montiert.<\/b><\/p>\n<p><iframe loading=\"lazy\" hcb-fetch-image-from=\"https:\/\/vimeo.com\/1125445946?fl=pl&amp;fe=sh\" title=\"Rollflix_Video_2025\" src=\"https:\/\/player.vimeo.com\/video\/1125445946?dnt=1&amp;app_id=122963\" width=\"1200\" height=\"633\" frameborder=\"0\" allow=\"autoplay; fullscreen; picture-in-picture; clipboard-write; encrypted-media; web-share\" referrerpolicy=\"strict-origin-when-cross-origin\"><\/iframe><\/p>\n<p>Wir helfen Ihnen die Plaggeister loszuwerden Insektenschutz vom Feinsten Warum Rollfix Ihre Lebensqualit\u00e4t erh\u00f6ht. Rollfix Insektenschutz-Systeme halten Insekten ein f\u00fcr allemal von Ihrem Wohnraum fern. Die ultrad\u00fcnnen, aber z\u00e4hen Fasern der Insektennetze lassen Licht und Luft ungehindert in Ihren Wohnraum, w\u00e4hrend sich die stabilen Aluminiumprofile beinahe unsichtbar in die Fassade integrieren. Rollfix Insektenschutz-Systeme werden in der Schweiz entwickelt und hergestellt. Gepr\u00e4gt vom Erfindergeist und von den hohen Schweizer Qualit\u00e4tsanspr\u00fcchen schaffen wir Produkte, die Ihnen ein exklusives Wohngef\u00fchl bieten, ganz ohne st\u00f6rende Insekten. Gerne beraten wir Sie bei uns im Gesch\u00e4ft oder bei Ihnen zu Hause.<\/p>\n<p><a href=\"http:\/\/www.rollfix.com\" target=\"_blank\" rel=\"noopener\"><img decoding=\"async\" loading=\"lazy\" src=\"http:\/\/www.niffeler.ch\/home\/images\/17-insektenschutz-06_01_510.jpg\" alt=\"\" width=\"487\" height=\"487\" border=\"0\" \/><\/a> <img decoding=\"async\" loading=\"lazy\" src=\"http:\/\/www.niffeler.ch\/home\/images\/17-insektenschutz-01_01_510.jpg\" alt=\"\" width=\"510\" height=\"359\" border=\"0\" \/> <img decoding=\"async\" loading=\"lazy\" src=\"http:\/\/www.niffeler.ch\/home\/images\/17-insektenschutz-03_01_510.jpg\" alt=\"\" width=\"510\" height=\"359\" border=\"0\" \/><\/p>\n<p><img decoding=\"async\" loading=\"lazy\" src=\"http:\/\/www.niffeler.ch\/home\/images\/17-insektenschutz-04_01_510.jpg\" alt=\"\" width=\"510\" height=\"359\" border=\"0\" \/> <img decoding=\"async\" loading=\"lazy\" src=\"http:\/\/www.niffeler.ch\/home\/images\/17-insektenschutz-05_01_510.jpg\" alt=\"\" width=\"510\" height=\"359\" border=\"0\" \/><\/p>\n<div id=\"more\"><\/div>\n","protected":false},"excerpt":{"rendered":"<p>Insektenschutzanlagen verarbeiten wir ab 2026 nicht mehr. Insektenschutz vom Feinsten, vom Fachmann montiert. Wir helfen Ihnen die Plaggeister loszuwerden Insektenschutz vom Feinsten Warum Rollfix Ihre Lebensqualit\u00e4t erh\u00f6ht. Rollfix Insektenschutz-Systeme halten Insekten ein f\u00fcr allemal von Ihrem Wohnraum fern. Die ultrad\u00fcnnen, aber z\u00e4hen Fasern der Insektennetze lassen Licht und Luft ungehindert in Ihren Wohnraum, w\u00e4hrend sich &#8230; <a title=\"Insektenschutz\" class=\"read-more\" href=\"https:\/\/www.niffeler.ch\/innendekorationen\/produkte\/insektenschutz\/\" aria-label=\"More on Insektenschutz\">mehr lesen<\/a><\/p>\n","protected":false},"author":2,"featured_media":0,"parent":18,"menu_order":0,"comment_status":"closed","ping_status":"closed","template":"","meta":{"footnotes":""},"_links":{"self":[{"href":"https:\/\/www.niffeler.ch\/innendekorationen\/wp-json\/wp\/v2\/pages\/190"}],"collection":[{"href":"https:\/\/www.niffeler.ch\/innendekorationen\/wp-json\/wp\/v2\/pages"}],"about":[{"href":"https:\/\/www.niffeler.ch\/innendekorationen\/wp-json\/wp\/v2\/types\/page"}],"author":[{"embeddable":true,"href":"https:\/\/www.niffeler.ch\/innendekorationen\/wp-json\/wp\/v2\/users\/2"}],"replies":[{"embeddable":true,"href":"https:\/\/www.niffeler.ch\/innendekorationen\/wp-json\/wp\/v2\/comments?post=190"}],"version-history":[{"count":5,"href":"https:\/\/www.niffeler.ch\/innendekorationen\/wp-json\/wp\/v2\/pages\/190\/revisions"}],"predecessor-version":[{"id":1335,"href":"https:\/\/www.niffeler.ch\/innendekorationen\/wp-json\/wp\/v2\/pages\/190\/revisions\/1335"}],"up":[{"embeddable":true,"href":"https:\/\/www.niffeler.ch\/innendekorationen\/wp-json\/wp\/v2\/pages\/18"}],"wp:attachment":[{"href":"https:\/\/www.niffeler.ch\/innendekorationen\/wp-json\/wp\/v2\/media?parent=190"}],"curies":[{"name":"wp","href":"https:\/\/api.w.org\/{rel}","templated":true}]}}